of 16 and 592?
16
What is the greatest common factor of 3575 and 33?
11
What is the greatest common divisor of 32 and 1984?
32
Calculate the greatest common factor of 300 and 1300.
100
What is the highest common factor of 30 and 1580?
10
Calculate the greatest common divisor of 15884 and 44.
44
What is the highest common divisor of 147 and 49?
49
What is the greatest common divisor of 87 and 4669?
29
What is the highest common factor of 3306 and 12?
6
Calculate the highest common divisor of 47 and 1222.
47
What is the greatest common divisor of 506 and 276?
46
What is the highest common factor of 350 and 224?
14
What is the greatest common divisor of 576 and 9?
9
What is the highest common factor of 6 and 66?
6
Calculate the highest common divisor of 287 and 164.
41
Calculate the greatest common divisor of 72 and 108.
36
Calculate the greatest common factor of 4 and 4244.
4
What is the highest common divisor of 957 and 1044?
87
What is the highest common factor of 5 and 955?
5
Calculate the greatest common factor of 23 and 2599.
23
What is the greatest common divisor of 30 and 80670?
30
Calculate the greatest common factor of 528 and 66.
66
Calculate the greatest common divisor of 24 and 15432.
24
Calculate the highest common divisor of 18 and 24.
6
What is the greatest common divisor of 11997 and 186?
93
What is the highest common factor of 10 and 25?
5
Calculate the greatest common divisor of 396 and 90.
18
Calculate the greatest common divisor of 147 and 63.
21
What is the highest common divisor of 402 and 6?
6
What is the highest common divisor of 133 and 14?
7
Calculate the greatest common divisor of 2564 and 20.
4
What is the greatest common divisor of 2052 and 432?
108
What is the highest common factor of 20 and 22180?
20
What is the highest common divisor of 888 and 72?
24
Calculate the highest common factor of 89 and 17355.
89
Calculate the highest common factor of 132 and 704.
44
Calculate the greatest common divisor of 204 and 24.
12
What is the highest common divisor of 48 and 300?
12
What is the highest common factor of 40 and 90?
10
What is the highest common divisor of 1505 and 595?
35
What is the highest common divisor of 89 and 6319?
89
What is the greatest common divisor of 20 and 104?
4
Calculate the highest common divisor of 45 and 4.
1
What is the highest common divisor of 16 and 4208?
16
Calculate the highest common factor of 4 and 106.
2
Calculate the highest common factor of 291 and 1940.
97
What is the highest common divisor of 1 and 9?
1
What is the greatest common factor of 2387 and 155?
31
What is the greatest common divisor of 228 and 60?
12
Calculate the highest common divisor of 1210 and 66.
22
Calculate the highest common factor of 3710 and 70.
70
What is the greatest common factor of 48 and 9?
3
Calculate the highest common divisor of 54 and 2619.
27
What is the greatest common divisor of 71 and 1065?
71
What is the highest common factor of 4 and 16?
4
What is the greatest common factor of 23446 and 76?
38
What is the highest common factor of 2875 and 230?
115
Calculate the highest common divisor of 407 and 37.
37
Calculate the greatest common factor of 50 and 11450.
50
Calculate the greatest common divisor of 744 and 1178.
62
What is the highest common factor of 1442 and 28?
14
What is the greatest common divisor of 66 and 22?
22
What is the highest common divisor of 236 and 4?
4
Calculate the greatest common factor of 532 and 76.
76
What is the greatest common divisor of 6 and 33?
3
What is the highest common factor of 160 and 240?
80
What is the greatest common factor of 120 and 780?
60
Calculate the highest common divisor of 159 and 1961.
53
What is the greatest common divisor of 3 and 132?
3
What is the greatest common divisor of 9359 and 191?
191
What is the greatest common factor of 21 and 623?
7
Calculate the highest common divisor of 42 and 14.
14
Calculate the highest common factor of 1022 and 56.
14
Calculate the greatest common factor of 28 and 500.
4
What is the highest common divisor of 23 and 621?
23
What is the highest common divisor of 30 and 18?
6
Calculate the greatest common factor of 1 and 223.
1
Calculate the highest common divisor of 64 and 576.
64
What is the greatest common factor of 1088 and 34?
34
What is the highest common factor of 5 and 1?
1
Calculate the greatest common divisor of 28 and 44.
4
Calculate the highest common divisor of 85 and 8585.
85
Calculate the greatest common divisor of 96 and 16.
16
Calculate the greatest common factor of 765 and 90.
45
What is the greatest common factor of 400 and 128?
16
Calculate the highest common divisor of 36 and 1908.
36
What is the greatest common divisor of 12 and 96?
12
What is the greatest common factor of 1750 and 150?
50
What is the greatest common divisor of 30 and 15?
15
What is the greatest common factor of 180 and 80?
20
Calculate the highest common factor of 27 and 15.
3
What is the highest common factor of 414 and 2277?
207
Calculate the highest common factor of 45781 and 17.
17
What is the greatest common divisor of 600 and 160?
40
What is the highest common factor of 882 and 1134?
126
Calculate the highest common factor of 42 and 204.
6
What is the highest common factor of 70 and 70?
70
What is the greatest common factor of 4085 and 6235?
215
Calculate the greatest common divisor of 3 and 879.
3
Calculate the highest common divisor of 696 and 168.
24
Calculate the greatest common divisor of 96 and 8.
8
What is the highest common divisor of 1455 and 30?
15
What is the highest common factor of 434 and 1612?
62
Calculate the greatest common factor of 15 and 39.
3
Calculate the greatest common factor of 12551 and 77.
77
What is the greatest common divisor of 33 and 17688?
33
Calculate the highest common divisor of 94 and 3478.
94
What is the highest common factor of 310 and 62?
62
Calculate the highest common factor of 61740 and 180.
180
Calculate the highest common divisor of 8229 and 104.
13
Calculate the greatest common factor of 680 and 40.
40
What is the highest common divisor of 10 and 1270?
10
What is the highest common divisor of 115 and 19895?
115
What is the highest common divisor of 513 and 351?
27
What is the highest common divisor of 12 and 162?
6
What is the highest common divisor of 330 and 750?
30
Calculate the highest common divisor of 14 and 42.
14
What is the greatest common divisor of 9730 and 210?
70
What is the highest common factor of 290 and 90?
10
What is the highest common divisor of 256 and 32?
32
What is the highest common factor of 86 and 6?
2
Calculate the greatest common factor of 612 and 561.
51
Calculate the greatest common divisor of 114 and 10982.
38
Calculate the highest common factor of 576 and 1458.
18
Calculate the highest common factor of 50 and 70.
10
What is the greatest common factor of 455 and 70?
35
Calculate the highest common divisor of 1863 and 115.
23
What is the greatest common divisor of 18 and 34?
2
Calculate the highest common factor of 17 and 5.
1
Calculate the greatest common divisor of 220 and 484.
44
What is the greatest common divisor of 34 and 22032?
34
Calculate the greatest common factor of 6 and 46530.
6
What is the highest common divisor of 24 and 6972?
12
Calculate the highest common factor of 12 and 198.
6
What is the highest common factor of 23 and 161?
23
Calculate the greatest common divisor of 1590 and 30.
30
Calculate the greatest common divisor of 704 and 3652.
44
What is the highest common factor of 29 and 2059?
29
What is the highest common divisor of 2720 and 280?
40
What is the greatest common factor of 388 and 16?
4
What is the highest common divisor of 2 and 10?
2
Calculate the greatest common divisor of 205 and 34235.
205
Calculate the highest common divisor of 11 and 32197.
11
What is the greatest common factor of 130 and 790?
10
What is the highest common divisor of 338 and 130?
26
Calculate the greatest common factor of 23 and 1104.
23
Calculate the highest common factor of 23 and 529.
23
Calculate the greatest common divisor of 5445 and 30.
15
What is the greatest common divisor of 12 and 15?
3
What is the highest common factor of 175 and 1505?
35
Calculate the greatest common divisor of 70 and 1505.
35
Calculate the highest common divisor of